{"id":27,"date":"2016-03-21T14:28:18","date_gmt":"2016-03-21T13:28:18","guid":{"rendered":"http:\/\/www.alterre-circuit.org\/site\/?page_id=27"},"modified":"2026-01-16T10:53:35","modified_gmt":"2026-01-16T09:53:35","slug":"accueil-2","status":"publish","type":"page","link":"https:\/\/www.alterre-circuit.org\/site\/","title":{"rendered":"Accueil"},"content":{"rendered":"<div class=\"colonne_gauche\">\n<h4><img loading=\"lazy\" decoding=\"async\" class=\"size-medium wp-image-683 aligncenter\" src=\"http:\/\/www.alterre-circuit.org\/site\/wp-content\/uploads\/2016\/09\/entr\u00e9e-local-205x300.jpg\" alt=\"entree-local\" width=\"205\" height=\"300\" srcset=\"https:\/\/www.alterre-circuit.org\/site\/wp-content\/uploads\/2016\/09\/entr\u00e9e-local-205x300.jpg 205w, https:\/\/www.alterre-circuit.org\/site\/wp-content\/uploads\/2016\/09\/entr\u00e9e-local-768x1124.jpg 768w, https:\/\/www.alterre-circuit.org\/site\/wp-content\/uploads\/2016\/09\/entr\u00e9e-local-700x1024.jpg 700w\" sizes=\"auto, (max-width: 205px) 100vw, 205px\" \/><\/h4>\n<h4 style=\"text-align: center;\">Retrait des commandes<\/h4>\n<p style=\"text-align: center;\">Tous les jeudis de 17h45 \u00e0 18h45<\/p>\n<p style=\"text-align: center;\">Au magasin Biomonde \u00e0 Saint-Laurent-Blangy<\/p>\n<p style=\"text-align: center;\">depuis janvier 2026<\/p>\n\n<h2 style=\"text-align: center;\"><a href=\"http:\/\/www.alterre-circuit.org\/site\/2016\/09\/26\/recettes\/\">Nos recettes<\/a><\/h2>\n<p style=\"text-align: center;\"><em>&#8230;pour cuisiner les produits des paniers.<\/em><\/p>\n<\/div>\n<div class=\"colonne_droite\">\n<div class=\"texte_de_bienvenue\">\n<p class=\"western\" style=\"text-align: justify;\"><strong>Al\u2019terre circuit <\/strong>, une association de consommateurs et de producteurs qui fait la promotion d&rsquo;une d\u00e9marche de r\u00e9-appropriation du pouvoir \u00e9conomique de consommateur, d\u2019investisseur et de gestionnaire \u00e9quitable.<\/p>\n<p style=\"text-align: center;\">Envie de mieux consommer ? Envie de soutenir l&rsquo;agriculture paysanne ?<\/p>\n<p style=\"text-align: center;\"><img loading=\"lazy\" decoding=\"async\" class=\"alignnone wp-image-213 size-medium\" src=\"http:\/\/www.alterre-circuit.org\/site\/wp-content\/uploads\/2016\/03\/S6003297-300x225.jpg\" alt=\"\" width=\"300\" height=\"225\" srcset=\"https:\/\/www.alterre-circuit.org\/site\/wp-content\/uploads\/2016\/03\/S6003297-300x225.jpg 300w, https:\/\/www.alterre-circuit.org\/site\/wp-content\/uploads\/2016\/03\/S6003297-768x576.jpg 768w, https:\/\/www.alterre-circuit.org\/site\/wp-content\/uploads\/2016\/03\/S6003297-1024x768.jpg 1024w\" sizes=\"auto, (max-width: 300px) 100vw, 300px\" \/>&#8211;<\/p>\n<p style=\"text-align: center;\"><i>\u00ab\u00a0\u00e7a permet d&rsquo;\u00eatre dans l&rsquo;action collective, pas seulement dans le discours\u00a0\u00bb<\/i><\/p>\n<ul>\n<li>Environnement respect\u00e9<\/li>\n<li>Petits producteurs pr\u00e9serv\u00e9s<\/li>\n<li>Nourriture de qualit\u00e9<\/li>\n<\/ul>\n<p>&nbsp;<\/p>\n<p style=\"text-align: center;\"><strong>Al&rsquo;terre circuit, une alternative \u00e0 la grande distribution !<\/strong><\/p>\n<\/div>\n<\/div>\n<p>&nbsp;<\/p>\n<p style=\"text-align: center; color: white; font-size: 1%;\">AMAP ARRAS<\/p>\n","protected":false},"excerpt":{"rendered":"<p>Retrait des commandes Tous les jeudis de 17h45 \u00e0 18h45 Au magasin Biomonde \u00e0 Saint-Laurent-Blangy depuis janvier 2026 Nos recettes &#8230;pour cuisiner les produits des paniers. Al\u2019terre circuit , une association de consommateurs et de producteurs qui fait la promotion d&rsquo;une d\u00e9marche de r\u00e9-appropriation du pouvoir \u00e9conomique de consommateur, d\u2019investisseur et de gestionnaire \u00e9quitable. Envie&hellip; <a class=\"read-more\" href=\"https:\/\/www.alterre-circuit.org\/site\/\">Read More<\/a><\/p>\n","protected":false},"author":1,"featured_media":0,"parent":0,"menu_order":0,"comment_status":"closed","ping_status":"closed","template":"page-nosidebar.php","meta":{"footnotes":""},"class_list":["post-27","page","type-page","status-publish","hentry"],"_links":{"self":[{"href":"https:\/\/www.alterre-circuit.org\/site\/wp-json\/wp\/v2\/pages\/27","targetHints":{"allow":["GET"]}}],"collection":[{"href":"https:\/\/www.alterre-circuit.org\/site\/wp-json\/wp\/v2\/pages"}],"about":[{"href":"https:\/\/www.alterre-circuit.org\/site\/wp-json\/wp\/v2\/types\/page"}],"author":[{"embeddable":true,"href":"https:\/\/www.alterre-circuit.org\/site\/wp-json\/wp\/v2\/users\/1"}],"replies":[{"embeddable":true,"href":"https:\/\/www.alterre-circuit.org\/site\/wp-json\/wp\/v2\/comments?post=27"}],"version-history":[{"count":138,"href":"https:\/\/www.alterre-circuit.org\/site\/wp-json\/wp\/v2\/pages\/27\/revisions"}],"predecessor-version":[{"id":1225,"href":"https:\/\/www.alterre-circuit.org\/site\/wp-json\/wp\/v2\/pages\/27\/revisions\/1225"}],"wp:attachment":[{"href":"https:\/\/www.alterre-circuit.org\/site\/wp-json\/wp\/v2\/media?parent=27"}],"curies":[{"name":"wp","href":"https:\/\/api.w.org\/{rel}","templated":true}]}}