{"id":279,"date":"2016-04-20T21:46:55","date_gmt":"2016-04-20T20:46:55","guid":{"rendered":"http:\/\/www.alterre-circuit.org\/site\/?page_id=279"},"modified":"2019-08-27T21:55:40","modified_gmt":"2019-08-27T20:55:40","slug":"partenaires","status":"publish","type":"page","link":"https:\/\/www.alterre-circuit.org\/site\/lassociation\/partenaires\/","title":{"rendered":"Partenaires"},"content":{"rendered":"<div class=\"colonne_gauche\">\n<div class=\"logos_partenaires\">\n<p>&nbsp;<\/p>\n<p><img decoding=\"async\" class=\"alignnone wp-image-41\" src=\"http:\/\/www.alterre-circuit.org\/site\/wp-content\/uploads\/2019\/08\/2019-08-27_22h42_15.png\" alt=\"logo_Collectif_Climat_Arras\" width=\"257\" \/><\/p>\n<p>&nbsp;<\/p>\n<p><img loading=\"lazy\" decoding=\"async\" class=\"alignnone wp-image-41\" src=\"http:\/\/www.alterre-circuit.org\/site\/wp-content\/uploads\/2016\/03\/logo_cedapas-300x223.jpg\" alt=\"logo_cedapas\" width=\"257\" height=\"191\" srcset=\"https:\/\/www.alterre-circuit.org\/site\/wp-content\/uploads\/2016\/03\/logo_cedapas-300x223.jpg 300w, https:\/\/www.alterre-circuit.org\/site\/wp-content\/uploads\/2016\/03\/logo_cedapas-768x570.jpg 768w, https:\/\/www.alterre-circuit.org\/site\/wp-content\/uploads\/2016\/03\/logo_cedapas-1024x760.jpg 1024w\" sizes=\"auto, (max-width: 257px) 100vw, 257px\" \/><\/p>\n<p>&nbsp;<\/p>\n<p><img loading=\"lazy\" decoding=\"async\" class=\"alignnone wp-image-1009\" src=\"http:\/\/www.alterre-circuit.org\/site\/wp-content\/uploads\/2017\/02\/logo_Maillotine-300x76.jpg\" alt=\"\" width=\"257\" height=\"65\" srcset=\"https:\/\/www.alterre-circuit.org\/site\/wp-content\/uploads\/2017\/02\/logo_Maillotine-300x76.jpg 300w, https:\/\/www.alterre-circuit.org\/site\/wp-content\/uploads\/2017\/02\/logo_Maillotine.jpg 583w\" sizes=\"auto, (max-width: 257px) 100vw, 257px\" \/><\/p>\n<p>&nbsp;<\/p>\n<p><img loading=\"lazy\" decoding=\"async\" class=\"alignnone wp-image-570\" src=\"http:\/\/www.alterre-circuit.org\/site\/wp-content\/uploads\/2016\/08\/th.jpg\" alt=\"th\" width=\"256\" height=\"167\" \/><\/p>\n<\/div>\n<\/div>\n<div class=\"colonne_droite\">\n<p class=\"western\" style=\"text-align: center;\"><strong>Partenaires<\/strong><\/p>\n<div class=\"texte_de_bienvenue\">\n<p class=\"western\" style=\"text-align: justify;\"><strong>Le <a href=\"https:\/\/et1et2et3degres.com\/\" target=\"_blank\" rel=\"noopener\">Collectif Arrageois pour le climat<\/a><\/strong> <strong>: <em>Changeons le syst\u00e8me pas le climat<\/em><\/strong><\/p>\n<p class=\"western\" style=\"text-align: justify;\">Al&rsquo;terre Circuit est membre de ce collectif<\/p>\n<\/div>\n<hr \/>\n<div class=\"texte_de_bienvenue\">\n<p class=\"western\" style=\"text-align: justify;\"><strong>Le <a href=\"http:\/\/www.cedapas-npdc.org\" target=\"_blank\" rel=\"noopener\">CEDAPAS<\/a><\/strong> <strong>: <em>Centre d\u2019\u00c9tudes pour le D\u00e9veloppement d\u2019une Agriculture Plus Autonome et Solidaire<\/em><\/strong><\/p>\n<p class=\"western\" style=\"text-align: justify;\">Association d\u00b4agriculteurs du Nord &#8211; Pas de Calais qui travaille \u00e0 la promotion d\u00b4une agriculture paysanne, durable, citoyenne.<\/p>\n<\/div>\n<hr \/>\n<div class=\"texte_de_bienvenue\">\n<p><strong><a href=\"http:\/\/www.alterre-circuit.org\/site\/?p=1018&amp;preview=true\" target=\"_blank\" rel=\"noopener\">La Maillotine<\/a> : <\/strong><em><strong>Boucherie coop\u00e9rative pour une agriculture paysanne<\/strong><\/em><\/p>\n<p class=\"western\" style=\"text-align: justify;\">Cette soci\u00e9t\u00e9 coop\u00e9rative Boucherie &#8211; charcuterie &#8211; traiteur est un atelier de transformation sans interm\u00e9diaires et un circuit de distribution directe.<\/p>\n<\/div>\n<hr \/>\n<div class=\"texte_de_bienvenue\"><strong><a href=\"http:\/\/www.avenir5962.org\/\" target=\"_blank\" rel=\"noopener\">Avenir 59\/62<\/a> : <\/strong><strong><em>Association pour la Valorisation Economique des Nouvelles Initiatives Rurales<\/em><br \/>\n<\/strong><\/p>\n<p class=\"western\" style=\"text-align: justify;\">Elle soutient des installations viables et vivables sur des petites fermes dans une d\u00e9marche d&rsquo;agriculture paysanne<\/p>\n<\/div>\n<\/div>\n","protected":false},"excerpt":{"rendered":"<p>&nbsp; &nbsp; &nbsp; &nbsp; Partenaires Le Collectif Arrageois pour le climat : Changeons le syst\u00e8me pas le climat Al&rsquo;terre Circuit est membre de ce collectif Le CEDAPAS : Centre d\u2019\u00c9tudes pour le D\u00e9veloppement d\u2019une Agriculture Plus Autonome et Solidaire Association d\u00b4agriculteurs du Nord &#8211; Pas de Calais qui travaille \u00e0 la promotion d\u00b4une agriculture paysanne,&hellip; <a class=\"read-more\" href=\"https:\/\/www.alterre-circuit.org\/site\/lassociation\/partenaires\/\">Read More<\/a><\/p>\n","protected":false},"author":3,"featured_media":0,"parent":15,"menu_order":0,"comment_status":"closed","ping_status":"closed","template":"page-nosidebar.php","meta":{"footnotes":""},"class_list":["post-279","page","type-page","status-publish","hentry"],"_links":{"self":[{"href":"https:\/\/www.alterre-circuit.org\/site\/wp-json\/wp\/v2\/pages\/279","targetHints":{"allow":["GET"]}}],"collection":[{"href":"https:\/\/www.alterre-circuit.org\/site\/wp-json\/wp\/v2\/pages"}],"about":[{"href":"https:\/\/www.alterre-circuit.org\/site\/wp-json\/wp\/v2\/types\/page"}],"author":[{"embeddable":true,"href":"https:\/\/www.alterre-circuit.org\/site\/wp-json\/wp\/v2\/users\/3"}],"replies":[{"embeddable":true,"href":"https:\/\/www.alterre-circuit.org\/site\/wp-json\/wp\/v2\/comments?post=279"}],"version-history":[{"count":62,"href":"https:\/\/www.alterre-circuit.org\/site\/wp-json\/wp\/v2\/pages\/279\/revisions"}],"predecessor-version":[{"id":1201,"href":"https:\/\/www.alterre-circuit.org\/site\/wp-json\/wp\/v2\/pages\/279\/revisions\/1201"}],"up":[{"embeddable":true,"href":"https:\/\/www.alterre-circuit.org\/site\/wp-json\/wp\/v2\/pages\/15"}],"wp:attachment":[{"href":"https:\/\/www.alterre-circuit.org\/site\/wp-json\/wp\/v2\/media?parent=279"}],"curies":[{"name":"wp","href":"https:\/\/api.w.org\/{rel}","templated":true}]}}